{"id":85,"date":"2025-10-14T21:57:04","date_gmt":"2025-10-14T19:57:04","guid":{"rendered":"https:\/\/autori.casaeditricepagine.net\/carmine-pirozzi\/?page_id=85"},"modified":"2026-04-24T11:25:13","modified_gmt":"2026-04-24T09:25:13","slug":"opere","status":"publish","type":"page","link":"https:\/\/autori.casaeditricepagine.net\/carmine-pirozzi\/opere\/","title":{"rendered":"Percezioni"},"content":{"rendered":"\n<pre class=\"wp-block-verse has-text-align-center\"><strong>L\u2019uomo che nessuno guarda<\/strong><br><br>Sta l\u00ec,<br>dove il marciapiede finisce<br>e comincia l\u2019invisibile.<br>Tra una coperta lisa<br>e un cartone che chiama casa.<br><br>Ha gli occhi pieni di passato<br>e il volto inciso dal freddo.<br>Ma la sua voce non la senti,<br>non perch\u00e9 non parla,<br>ma perch\u00e9 nessuno l\u2019ascolta.<br><br>Passano in fretta <br>le scarpe lucide, gli sguardi bassi.<br>Qualcuno stringe la borsa,<br>qualcun altro accelera il passo.<br>Lui resta. Sempre l\u00ec.<br><br>Non chiede pi\u00f9 niente.<br>Nemmeno piet\u00e0.<br>Solo che la pioggia non duri troppo,<br>che il vento non gli porti via i ricordi,<br>e per quel cagnolino che conosce il suo cuore,<br>prega\u2026 che la notte non sia l\u2019ultima.<br><br>Una volta aveva un nome.<br>Ora \u00e8 \u201cquello l\u00e0\u201d,<br>\u201cil barbone\u201d,<br>\u201cil problema\u201d.<br><br>Ma se ti fermi,<br>se guardi bene,<br>vedrai che nei suoi occhi<br>vive ancora un bambino<br>che sognava un tetto, una carezza,<br>una vita diversa.<br><br>E allora chiediti,<br>quando l\u2019hai visto oggi,<br>sei passato oltre<br>o l\u2019hai guardato davvero?<br><br><br><em>Nota dell\u2019autore:<br>Questa poesia vuole dare voce a chi vive ai margini.<br>Non per compassione, ma per ricordare che l\u2019indifferenza \u00e8 la vera miseria.<\/em><\/pre>\n\n\n\n<hr class=\"wp-block-separator has-alpha-channel-opacity\"\/>\n\n\n\n<pre class=\"wp-block-verse has-text-align-center\"><strong>Anima ali<\/strong><br><br>Occhi due pozzi brillanti,<br>e mani  conchiglie <br>nel grembo del tempo.<br>Dall\u2019ombra<br>un guaito si fa carezza,<br>e il sole, bambino,<br>gioca sulle zampe.<br>Non serve parola.<br>Solo respiri e sorrisi<br>e un nome d\u2019angelo <br>nascosto tra i rami del cuore.<br>Anima ali, ali d\u2019anime,<br>anime con le ali:<br>questo sono gli animali.<\/pre>\n\n\n\n<hr class=\"wp-block-separator has-alpha-channel-opacity\"\/>\n\n\n\n<pre class=\"wp-block-verse\"><strong>\"L\u2019Orso Bianco e il Pinguino Sognatore\"<\/strong><br><br>Anche chi viene da mondi opposti pu\u00f2 trovare un punto d\u2019incontro, se ha il coraggio di sognare e la voglia di viaggiare.<br>C\u2019era una volta, in un mondo dove tutto era possibile, un orso polare di nome Pitu e un pinguino chiamato Pino. Pitu viveva tra i ghiacci dell\u2019Artico, dove il vento fischiava e la neve cadeva silenziosa. Pino, invece, abitava in Antartide, dove il cielo era sempre pieno di stelle e le notti duravano mesi.<br>Entrambi avevano un sogno in comune: vedere com\u2019era il mondo oltre il loro ghiaccio.<br>Un giorno, Pitu trov\u00f2 una bottiglia galleggiante tra i lastroni di ghiaccio. Dentro c\u2019era una mappa: tracciava un sentiero fino all\u2019equatore, in Africa, dove \u2013 diceva la leggenda \u2013 gli animali di tutto il mondo si radunavano una volta l\u2019anno per il \u201cGrande Incontro delle Anime Curiose\u201d.<br>Nel frattempo, anche Pino, stanco del freddo e curioso di conoscere chi viveva sotto il sole, trov\u00f2 la stessa mappa, in un\u2019altra bottiglia portata dalle correnti dell\u2019Oceano.<br>Cos\u00ec, entrambi partirono. Pitu sal\u00ec su una zattera di legno e ghiaccio, spinto dalle balene e dalle correnti calde che lo portarono a sud. Pino si fece trasportare su un grosso tronco, accompagnato dai delfini e da una tartaruga marina che conosceva tutte le rotte.<br>Dopo mesi di viaggio, Pitu e Pino arrivarono nello stesso luogo: una radura africana ai piedi di un gigantesco baobab. L\u00ec si teneva il \u201cGrande Incontro delle Anime Curiose\u201d.<br>Quando si videro, Pitu e Pino si guardarono stupiti. \u201cTu sei... freddo come me!\u201d disse Pitu. \u201cE tu cammini come me!\u201d rispose Pino. Nessuno dei due aveva mai visto qualcuno cos\u00ec simile, pur essendo cos\u00ec diverso.<br>Diventarono subito amici. Pitu raccont\u00f2 delle aurore boreali, Pino delle notti senza fine. Giocarono nel fango africano (che per loro era un'esperienza tutta nuova!), fecero amicizia con una zebra chiacchierona e un elefante che spruzzava acqua per rinfrescarli.<br>Quando fu il momento di tornare, si promisero di scriversi lettere usando le bottiglie. E ogni anno, allo stesso giorno, si sarebbero incontrati ancora sotto il grande baobab.<br>E cos\u00ec fu per tutto il resto della loro vita.<\/pre>\n","protected":false},"excerpt":{"rendered":"<p>L\u2019uomo che nessuno guardaSta l\u00ec,dove il marciapiede finiscee comincia l\u2019invisibile.Tra una coperta lisae un cartone che chiama casa.Ha gli occhi pieni di passatoe il volto inciso dal freddo.Ma la sua voce non la senti,non perch\u00e9 non parla,ma perch\u00e9 nessuno l\u2019ascolta.Passano in fretta le scarpe lucide, gli sguardi bassi.Qualcuno stringe la borsa,qualcun altro accelera il passo.Lui&#8230;<\/p>\n","protected":false},"author":1,"featured_media":0,"parent":0,"menu_order":0,"comment_status":"closed","ping_status":"closed","template":"","meta":{"footnotes":""},"class_list":["post-85","page","type-page","status-publish","hentry"],"_links":{"self":[{"href":"https:\/\/autori.casaeditricepagine.net\/carmine-pirozzi\/wp-json\/wp\/v2\/pages\/85","targetHints":{"allow":["GET"]}}],"collection":[{"href":"https:\/\/autori.casaeditricepagine.net\/carmine-pirozzi\/wp-json\/wp\/v2\/pages"}],"about":[{"href":"https:\/\/autori.casaeditricepagine.net\/carmine-pirozzi\/wp-json\/wp\/v2\/types\/page"}],"author":[{"embeddable":true,"href":"https:\/\/autori.casaeditricepagine.net\/carmine-pirozzi\/wp-json\/wp\/v2\/users\/1"}],"replies":[{"embeddable":true,"href":"https:\/\/autori.casaeditricepagine.net\/carmine-pirozzi\/wp-json\/wp\/v2\/comments?post=85"}],"version-history":[{"count":3,"href":"https:\/\/autori.casaeditricepagine.net\/carmine-pirozzi\/wp-json\/wp\/v2\/pages\/85\/revisions"}],"predecessor-version":[{"id":222,"href":"https:\/\/autori.casaeditricepagine.net\/carmine-pirozzi\/wp-json\/wp\/v2\/pages\/85\/revisions\/222"}],"wp:attachment":[{"href":"https:\/\/autori.casaeditricepagine.net\/carmine-pirozzi\/wp-json\/wp\/v2\/media?parent=85"}],"curies":[{"name":"wp","href":"https:\/\/api.w.org\/{rel}","templated":true}]}}