{"id":85,"date":"2025-10-14T21:57:04","date_gmt":"2025-10-14T19:57:04","guid":{"rendered":"https:\/\/autori.casaeditricepagine.net\/luca-bordogni\/?page_id=85"},"modified":"2026-04-28T12:33:20","modified_gmt":"2026-04-28T10:33:20","slug":"opere","status":"publish","type":"page","link":"https:\/\/autori.casaeditricepagine.net\/luca-bordogni\/opere\/","title":{"rendered":"Percezioni"},"content":{"rendered":"\n<pre class=\"wp-block-verse\"><strong>DIAMANTE<\/strong><br><br>C'\u00e8 un diamante in quella casa,<br>accudito da una teca di vetro<br>limpida come acqua di sorgente.<br>Danza cantando fasci di luce,<br>restituendoli al calore del sole<br>che ne accarezza le forme<br>con delicatezza d'altri tempi.<br><br>\u00c8 puro come l'anima della natura<br>ancor celata allo sguardo umano;<br>i contorni addolciti<br>da un'eternit\u00e0 amorevole<br>che l'ha modellato con pazienza<br>in mani accoglienti,<br>la fermezza di un cuore integro<br>temprato da un'esistenza secolare. <br><br>Il diamante in quella casa,<br>emblema di bellezza e perfezione,<br>fregio di eterna forza e costanza<br>si interroga su quella strana creatura<br>dal fare malinconico e angosciato,<br>chiedendosi come possa<br>consumarsi d'inquietudine<br>per dei riti tanto volubili.<br><br>In quell'attimo, solenne ed infinito,<br>dinnanzi agli occhi del diamante<br>l'uomo rivolge la sua preghiera: <br><em>\"Vorrei esser nato con la tua solidit\u00e0<br>per non spezzarmi mai\".<\/em><br><br>La pietra, sognante,<br>ricambiando il triste sguardo spera: <br><em>\"Vorrei il calore del tuo battito,<br>per potermi accender d'emozioni\"<\/em>.<\/pre>\n\n\n\n<hr class=\"wp-block-separator has-alpha-channel-opacity\"\/>\n\n\n\n<pre class=\"wp-block-verse\"><strong>OCEANO<\/strong><br><br>Infinite direzioni, sconfinati orizzonti<br>calma piatta e burrasca<br>vento a favore, maremoti.<br>La percezione di una terra lontana;<br>forse, una rotta troppo distante da navigare\u2026<br><br>ma chiss\u00e0 quali meraviglie da esplorare<br>colori da ammirare<br>una nuova lingua da imparare<br>nuove usanze da condividere:<br>un intero ecosistema, un mondo nuovo, sconosciuto.<br>Cos\u00ec potenzialmente pericoloso<br>eppure incredibilmente affascinante<br><br>La meraviglia di scoprire<br>il terrore di non sapersi adattare<br>la bellezza di acquisire<br>la paura di dover, un giorno, abbandonare.<br><br>Forse non abbiamo mai imparato realmente a camminare:<br>pi\u00f9 che altro, galleggiamo in superficie<br>sbracciandoci malamente nell\u2019oceano che \u00e8 la vita;<br>continuamente in rotta verso terre inesplorate<br>navigando a vista guidati dall\u2019ambiguo canto di sirene<br><br>fino a quando tradiremo la nostra sete di avventura,<br>ormeggiando sulle banchine di un porto qualsiasi<br><br>o fino a quando rassegneremo i nostri gradi,<br>troppo stanchi per scrutare l\u2019infinito<br>cercando nuovi lidi verso cui approdare<br><br>fino a naufragare, esausti e privi di speranza<br>senza pi\u00f9 alcuna aspettativa<br>su quell\u2019unica isola che finalmente sa di casa<br><br>o magari, fino ad abbandonarsi all\u2019abbraccio dell\u2019oceano<br>socchiudendo gli occhi stanchi\u2026<br><em>fantasticando di tutto ci\u00f2 che sarebbe potuto essere<\/em>.<\/pre>\n\n\n\n<hr class=\"wp-block-separator has-alpha-channel-opacity\"\/>\n\n\n\n<pre class=\"wp-block-verse\"><strong>GUARDAMI<\/strong><br><br>Guardami,<br>non son dipinto a guerra per l'attacco<br>n\u00e9 vesto armature a mia difesa;<br>non porto scudi per nascondermi<br>n\u00e9 lingua tagliente che raggiri.<br>Non do fuoco a un sole che ti abbagli<br>n\u00e9 alcun alfiere che mi annunci.<br><br>Scrutami,<br>mi rimetto alla tua vista<br>nella luce in cui mi vedi<br>sono spoglio di artifici,<br>ombre e costruzioni.<br>Trovami ascoltando<br>le note dei miei passi,<br>ti aspetter\u00f2 ballando<br>alla mia onesta verit\u00e0,<br>nella musica soffusa<br>dall\u2019essenza pi\u00f9 sincera.<br><br>Vedimi,<br>avanza con passione <br>sul sentiero verso il cuore,<br>e abitami:<br>sar\u00f2 il luogo che vai cercando.<br>Salda, stringiti<br>nella presenza del mio abbraccio <br>scaldandoti al tepore<br>dei pi\u00f9 veri sentimenti.<br><br><em>Vivimi senza dubbi,<br>foss\u2019anche io a darne vita\u2026<br>se il mio cielo mai si rabbuiasse<br>soffieremo via le nuvole<br>a far spazio a nuova luce.<\/em><\/pre>\n","protected":false},"excerpt":{"rendered":"<p>DIAMANTEC&#8217;\u00e8 un diamante in quella casa,accudito da una teca di vetrolimpida come acqua di sorgente.Danza cantando fasci di luce,restituendoli al calore del soleche ne accarezza le formecon delicatezza d&#8217;altri tempi.\u00c8 puro come l&#8217;anima della naturaancor celata allo sguardo umano;i contorni addolcitida un&#8217;eternit\u00e0 amorevoleche l&#8217;ha modellato con pazienzain mani accoglienti,la fermezza di un cuore integrotemprato da&#8230;<\/p>\n","protected":false},"author":1,"featured_media":0,"parent":0,"menu_order":0,"comment_status":"closed","ping_status":"closed","template":"","meta":{"footnotes":""},"class_list":["post-85","page","type-page","status-publish","hentry"],"_links":{"self":[{"href":"https:\/\/autori.casaeditricepagine.net\/luca-bordogni\/wp-json\/wp\/v2\/pages\/85","targetHints":{"allow":["GET"]}}],"collection":[{"href":"https:\/\/autori.casaeditricepagine.net\/luca-bordogni\/wp-json\/wp\/v2\/pages"}],"about":[{"href":"https:\/\/autori.casaeditricepagine.net\/luca-bordogni\/wp-json\/wp\/v2\/types\/page"}],"author":[{"embeddable":true,"href":"https:\/\/autori.casaeditricepagine.net\/luca-bordogni\/wp-json\/wp\/v2\/users\/1"}],"replies":[{"embeddable":true,"href":"https:\/\/autori.casaeditricepagine.net\/luca-bordogni\/wp-json\/wp\/v2\/comments?post=85"}],"version-history":[{"count":3,"href":"https:\/\/autori.casaeditricepagine.net\/luca-bordogni\/wp-json\/wp\/v2\/pages\/85\/revisions"}],"predecessor-version":[{"id":222,"href":"https:\/\/autori.casaeditricepagine.net\/luca-bordogni\/wp-json\/wp\/v2\/pages\/85\/revisions\/222"}],"wp:attachment":[{"href":"https:\/\/autori.casaeditricepagine.net\/luca-bordogni\/wp-json\/wp\/v2\/media?parent=85"}],"curies":[{"name":"wp","href":"https:\/\/api.w.org\/{rel}","templated":true}]}}